, -i + 4*o + 5 = 0. Give u(i).
3
Let j(t) = -t**2 - 7*t + 1. Let o = 12 - 19. Let y = o - -1. Determine j(y).
7
Let t(q) = q + 36*q**2 - q - 1 - 29*q**2. Give t(-1).
6
Let h(q) = q**2 + 1. Let j be h(2). Let y(k) = k**2 - j*k**3 + k**2 + k + 5*k**3 - k**3. Give y(-1).
2
Suppose 0 = -3*i + 17 - 23. Let k(l) = 4*l**3 - 3*l**2 - 4*l + 5. Let g(b) = -11*b**3 + 9*b**2 + 11*b - 14. Let r(s) = -3*g(s) - 8*k(s). What is r(i)?
-16
Let x = -27 + 19. Let f(k) = -k**3 - 9*k**2 - 7*k + 5. Calculate f(x).
-3
Let r(b) = 14*b - 9. Let d(f) = -7*f + 5. Let w(j) = -7*d(j) - 4*r(j). Give w(-1).
8
Let s(f) be the third derivative of -f**6/120 + f**5/60 - f**4/24 - 2*f**3 - 7*f**2. Calculate s(0).
-12
Let y(o) = o**2 + 10*o - 9. Let x(u) = -u**2 - 9*u + 8. Let d(c) = 7*x(c) + 6*y(c). Calculate d(2).
-8
Suppose 0*o - 3*o = 0. Suppose -v - 4*v + 15 = o. Let f(n) = -n**2 + 5*n**2 - 3*n**2 + 0*n**2. Give f(v).
9
Let x(h) be the third derivative of 8*h**2 - 1/6*h**3 - 1/24*h**4 + 0 + 0*h. Suppose 4*q = q + 15. Calculate x(q).
-6
Let d(f) be the third derivative of f**5/60 + f**4/2 + 2*f**3/3 - 56*f**2. Calculate d(-10).
-16
Let i(z) = -z**2 + 2*z + 8. Suppose 4*v - m - 24 = -0*v, -4*v - 2*m + 24 = 0. Give i(v).
-16
Let j(w) = -5*w**3 + 4*w**2 + 2*w + 5. Let k(t) = 9*t**3 - 7*t**2 - 4*t - 9. Let n(c) = 7*j(c) + 4*k(c). Calculate n(2).
3
Let b(z) = -z + 3. Let t be b(5). Let v = t - -3. Let p(m) = m**3 + m - 1. Determine p(v).
1
Let n(i) be the third derivative of -i**5/30 + i**4/6 - i**3/3 + 18*i**2. Let r = -4 - -7. What is n(r)?
-8
Suppose -4*l = -5 - 3. Let c(t) be the first derivative of -t**2 - t + 1. What is c(l)?
-5
Let l(w) = w + 1. Let m(x) = x**3 + 6*x**2 - 5. Let a(i) = -3*l(i) - m(i). Suppose 9 = 6*r - 3*r. Suppose -3 = r*n, d - 2*n = -3*d - 18. Give a(d).
-8
Let r(x) = 2 - 3 + x + 2. Let u(s) = -s**2 - 10*s - 10. Suppose -3 - 15 = 2*h. Let c be u(h). Calculate r(c).
0
Let v(z) = -7 + 6 + 2 + 15*z**3 + 0. What is v(-1)?
-14
Let f(d) = -d**3 + 2*d - 2. Let j = 3 + 2. Suppose 0 = j*n - 4*w + 3*w - 13, -4*w = 4*n + 4. Give f(n).
-6
Let r(l) = -l**2 - 6*l - 1. Let k be r(-6). Let m(a) be the third derivative of -3/20*a**5 + 0*a**4 + 0 + 2*a**2 + 0*a + 0*a**3. Calculate m(k).
-9
Let i be (-14)/(-4)*40/14. Suppose -2*h + i = 2. Let z(y) be the third derivative of -y**4/24 + y**3/3 + y**2. Determine z(h).
-2
Suppose 5*o + 25 = 0, 3*g = -6*o + 3*o + 3. Let b(n) = -3*n**2 - 8*n + 1. Let z(w) = w**2 + 1. Let f(x) = -b(x) - 4*z(x). Give f(g).
7
Let l(f) = 5*f**2 - 21*f - 9. Let a(z) = 3*z**2 - 11*z - 5. Let p(u) = 7*a(u) - 4*l(u). Give p(-6).
-5
Let c(j) = -2*j. Let o(b) = -b**2 + 5*b - 4. Let g be o(4). Suppose z = 3*d + 11, g*d + 6 = -2*d. Determine c(z).
-4
Let x(u) = -4 + 8 + 2*u + 0. Suppose 2*m = -m - 12. Determine x(m).
-4
Let r be (-8)/(-36) - (-16)/9. Let j(z) = 3 - 2 + 3*z + 2*z**2 - 6*z + z**r. Determine j(2).
7
Suppose -15*n - 37 - 38 = 0. Let s(y) = -4*y + 1. Calculate s(n).
21
Let w(d) = 7 + d - 4 - 4. What is w(0)?
-1
Let q(i) = 1 + 3 + 4 - 1 - 4*i**2. Let t(k) = -5*k**2 - k + 8. Let f(m) = -7*q(m) + 6*t(m). Give f(-4).
-9
Suppose 0 = x - 5 + 1. Let w(o) be the third derivative of -1/3*o**3 + 0 - 1/12*o**x + 0*o + 2*o**2. Determine w(-4).
6
Let j(b) = 2*b - 2. Suppose 0 = -5*t + 10, r + 4*t + 0 = 10. What is j(r)?
2
Let v(a) = a. Let o = 170 + -165. Calculate v(o).
5
Let q be 1/((-65)/(-30) + -2). Let h(s) = s**3 - 7*s**2 + 5*s + 7. What is h(q)?
1
Let q = 23 + -16. Let v = 11 - q. Let r(x) = -x**2 + 3*x + 5. What is r(v)?
1
Let t(g) = -155*g + 313*g - 12 - 159*g. Give t(0).
-12
Let z(y) = 14 - 6*y - 8 - 3 - 5. What is z(-4)?
22
Let o(x) = -8*x + 1. Suppose -5*q + 2*z = 40, 4*z = -2*q + 3*z - 16. Let s(k) = 2*k**3 + 8*k - 29 + 9*k**2 + 30 - k**3. Let c be s(q). Determine o(c).
-7
Let n be (-52)/12 - 1/(-3). Let t(m) = -4*m - 5. What is t(n)?
11
Let o(t) be the third derivative of t**5/60 - t**4/24 + 2*t**3/3 + 8*t**2. Determine o(-3).
16
Let s(r) be the third derivative of -r**6/120 + r**5/20 + 5*r**4/24 - r**3 + 9*r**2. Let b be 20/8*(-8)/(-5). Give s(b).
-2
Let p(r) be the third derivative of -r**7/840 + r**4/12 + 2*r**3/3 - 2*r**2. Let w(s) be the first derivative of p(s). Give w(0).
2
Suppose -v + 0*v - 2 = 0. Let j be v/12 - (-62)/12. Let p(q) = -2*q + 6. Let w be p(j). Let c(x) = -2*x + 3. Calculate c(w).
11
Let g(b) = -5*b**2 + b. Let d = 1 - 1. Suppose -3*f + d*f - 24 = 4*i, -3*i - 11 = 4*f. Let h = i + 10. Calculate g(h).
-4
Suppose 0 = 5*t + 5*b - 25, -b = 4*t - 5*b - 12. Let h(l) = -l**3 + 5*l**2 - l - 2. Determine h(t).
10
Let u(f) = f**3 + 5*f**2 + 2*f + 5. Let p(b) = -b - 1. Let r(c) = 4*c - 3. Let s(v) = -3*p(v) - r(v). Let w be s(6). Suppose w = -q - q - 10. Determine u(q).
-5
Let s(b) = 0 - 2 - 5*b**2 + b**3 - 3 + 2*b. Suppose 2*a - 1 = -7. Let d be (-3)/(a - 12/(-5)). Calculate s(d).
5
Let f(z) = -4*z. Let c(m) = 5*m + 1. Let t(n) = -3*c(n) - 4*f(n). Let g be (36/45)/(2/10). Let k be t(g). Let q(a) = -a**2 + 2*a - 1. What is q(k)?
0
Suppose -42 + 7 = -7*t. Let q(u) = u**2 - 5*u - 2. Determine q(t).
-2
Let u(d) = -d**3 - 3*d**2 + 5*d. Let m(h) = -h - 1. Let s be m(-7). Suppose y + 2*x = -2 + s, 5*y - 6 = -3*x. Suppose 4*n - 4 + 20 = y. Give u(n).
-4
Let t(c) = c**2 + 4*c + 6. Suppose 1 + 4 = -s. Let m = -10 - s. Determine t(m).
11
Let y be 0*(-2)/(2 - 0). Let p(h) = 8 - 6*h**2 - 3*h**3 + 2*h**3 + y. What is p(-6)?
8
Let y(x) = x - 4 + 9*x + 3 - 6*x. Determine y(-2).
-9
Let b(p) = 3*p**3 - 4*p**2 + 3*p - 1. Suppose -5*f - 10 = -5*n, 2*n - 3*f = 10 - 6. Determine b(n).
13
Let h(q) be the first derivative of -q**6/120 + q**5/15 + q**4/6 + q**2 - 5. Let a(s) be the second derivative of h(s). Determine a(5).
-5
Let b(n) = -7*n**2 + n + 2. Let c(f) be the third derivative of -f**5/15 + f**4/24 + f**3/6 + 2*f**2. Let h(g) = -3*b(g) + 5*c(g). Determine h(-3).
2
Let x(s) be the first derivative of -s**7/840 + s**6/72 + s**5/20 - s**4/12 - 2*s**3/3 + 3. Let j(t) be the third derivative of x(t). Determine j(6).
-2
Let q = 0 - -1. Let a(h) be the first derivative of -h**4/4 - h**3/3 - h**2/2 + h + 1. Let m(c) = -c**3 + c**2 + 4. Let d(z) = q*m(z) - 2*a(z). What is d(-2)?
2
Let r(i) be the third derivative of i**5/60 - 7*i**4/24 + i**3/3 - 5*i**2. Determine r(3).
-10
Let c(z) = -3 - 3*z - 1 - 1 - 2. Let o(a) = -5*a - 10. Let s(k) = -7*c(k) + 5*o(k). What is s(-3)?
11
Let c(z) = -z**2 - 6*z + 7. Let f be c(-7). Let m(b) be the third derivative of -1/6*b**3 - 1/24*b**4 + 0*b - b**2 + f. Determine m(-4).
3
Let v(x) = -3*x + 6. Let k(p) = -6*p - 1. Let o be k(1). Let g = 11 + o. What is v(g)?
-6
Let c(f) = f + 11. Let o = -11 + 18. Let s(v) = -2*v - 22. Let u(x) = o*c(x) + 4*s(x). Determine u(-6).
-5
Let l be (-8)/(-14)*(-5 - -12). Let q(w) = -w. What is q(l)?
-4
Suppose 0 = 5*o + 2*d - 14, -5*o + 29 = -5*d + 2*d. Let t = 6 - o. Let z(h) = -3 - 3*h**2 + 0*h**2 + h**2 - 4*h + h**3 - h**t. What is z(4)?
-3
Let z(h) = 8*h**2 + 6*h + 4. Let c(v) = -7*v**2 - 6*v - 3. Let t(b) = 7*c(b) + 6*z(b). Give t(-6).
3
Let b(p) be the third derivative of -p**4/24 + p**3/6 + 3*p**2. Let f = 7 + -12. Let m(k) = -1. Let a(l) = f*m(l) - 4*b(l). Determine a(1).
5
Let d(t) = t**2 - 7*t - 1. Let q(u) = 3*u**2 - u - 8. Let g be q(-2). Calculate d(g).
-7
Suppose 8*t - 2*t = 0. Let l(w) = -w + t*w + 6*w + 3*w. Give l(-1).
-8
Let s(f) be the second derivative of 1/2*f**3 + 2*f**2 + 0 + 3*f + 1/12*f**4. Let n be (-9)/(-6) + (-22)/4. What is s(n)?
8
Suppose 4*v - 13 + 5 = 0. Let w(t) be the first derivative of 2 - 1/2*t**v - 2*t. Calculate w(3).
-5
Let m(s) = 3 + 0 + 3 - 7 + 2 - 4*s. Let t(q) = -2*q + 2. Let b be t(2). What is m(b)?
9
Let v(f) be the second derivative of f**4/12 + 5*f**3/6 - 4*f**2 - 8*f. Calculate v(-6).
-2
Let c(g) = 3 + g + 6 - 17 + g. Determine c(6).
4
Let c = 8 - 5. Let g(i) = c*i + i**3 + 5 - 6 - 2*i - 2*i. Calculate g(-2).
-7
Let y(q) = 2*q + 1. Suppose -2*a - 3*a + 21 = -2*h, -4*a + 21 = -3*h. Give y(a).
7
Let p(h) = 69*h - 66*h + 0 - 1. Calculate p(5).
14
Let o(z) be the first derivative of z**4/4 + 7*z**3/3 + 5*z**2/2 - 7*z - 33. What is o(-6)?
-1
Let s(t) = t - 4. Suppose 5*y = 5*u + 10, 0 = 5*y - 2*u + 2 - 9. Let f(m) = 2. Let l(h) = 1. Let n(q) = y*l(q) - f(q). Let a(c) = 2*n(c) - s(c). Calculate a(0).
2
Let p(a) = 3*a - 1. Let c = 22 + -21. Calcul